15).
27
Let b(k) = 7*k**3 + 14*k**2 - 78*k - 179. Determine b(-3).
-8
Let t(b) = -6*b**2 + 63*b + 277. Give t(-4).
-71
Let f(d) = 157*d - 111. Determine f(1).
46
Let b(g) = 3*g - 25. Give b(34).
77
Let o(v) = 119*v + 6107. What is o(-51)?
38
Let m(q) = -q. What is m(13)?
-13
Let d(v) = v**2 + 34*v + 33. What is d(-35)?
68
Let n(h) = 2*h**3 - 6*h**2 + 12*h - 23. Give n(5).
137
Let r(l) = -160*l - 7366. What is r(-46)?
-6
Let s(m) = -17*m**2 + 91*m - 14. Determine s(8).
-374
Let y(s) = -38*s**2 - 4253*s + 342. Determine y(-112).
6
Let l(t) = -38*t - 295. Calculate l(-8).
9
Let h(f) = f**3 + 8*f**2 + 32*f + 61. What is h(-3)?
10
Let b(h) = -37*h + 7058. Give b(190).
28
Let m(x) = x**2 + 44*x + 320. Calculate m(-36).
32
Let t(o) = o**3 + 74*o**2 - 154*o - 154. Give t(-76).
-2
Let m(y) = y**3 - 5*y**2 + 4*y - 22. What is m(4)?
-22
Let g(j) = -3*j**2 + 57*j - 177. Calculate g(15).
3
Let q(a) = 15*a**2 + 255*a - 21. Give q(-17).
-21
Let n(i) = -83*i - 12275. Give n(-148).
9
Let j(x) = -x**3 - 4*x**2 + 26*x + 72. Determine j(-4).
-32
Let r(o) = -410*o + 813. What is r(2)?
-7
Let u(y) = -18*y**2 + 201*y - 37. Give u(11).
-4
Let w(a) = -25*a - 508. What is w(-20)?
-8
Let h(w) = 9*w**2 + 139*w - 13. Calculate h(-16).
67
Let a(l) = 4*l**3 - 11*l**2 - 32*l + 195. What is a(6)?
471
Let c(d) = 66*d + 3345. Calculate c(-51).
-21
Let w(n) = -28*n - 300. Give w(-11).
8
Let d(j) = j**2 + 13*j - 446. Give d(0).
-446
Let a(m) = -33*m**3 - 5313*m**2 + 6*m + 964. Calculate a(-161).
-2
Let f(z) = 3*z**2 + 127*z - 1553. What is f(10)?
17
Let k(g) = 565*g + 4526. What is k(-8)?
6
Let u(l) = -11*l**3 + 2*l**2 + 6*l + 6. What is u(-1)?
13
Let t(p) = p**3 + 10*p**2 + 17*p - 9. Determine t(-8).
-17
Let a(f) = 11786*f - 129644. What is a(11)?
2
Let h(w) = 36*w - 72. Give h(3).
36
Let l(a) = 3015*a - 15070. Give l(5).
5
Let r(f) = -f**2 + 62*f - 102. Give r(61).
-41
Let r(j) = -18*j + 473. What is r(26)?
5
Let h(v) = -13*v + 26. Determine h(-8).
130
Let i(g) = 7*g**2 - 86*g + 183. Calculate i(9).
-24
Let g(o) = -120*o**2 - 3000*o + 13. Calculate g(-25).
13
Let q(f) = -3*f**3 - 62*f**2 - 56*f - 1630. What is q(-21)?
-13
Let l(s) = 2*s**2 + 71*s + 600. Give l(-15).
-15
Let v(k) = -3*k**2 + 70*k - 124. Calculate v(2).
4
Let v(q) = 71*q + 421. Give v(-6).
-5
Let f(q) = -134*q - 259. Determine f(-2).
9
Let l(k) = k**2 - 36*k - 1645. Calculate l(65).
240
Let b(u) = 5*u**2 - 43*u + 105. Give b(4).
13
Let c(u) = -121*u - 18895. What is c(-156)?
-19
Let l(f) = f**2 + 34*f + 258. What is l(-23)?
5
Let o(v) = -18*v + 383. Give o(19).
41
Let m(x) = -x**2 + 237*x + 3006. What is m(-12)?
18
Let g(w) = -w**2 + 40*w - 399. Determine g(18).
-3
Let j(x) = 83*x**2 - 7*x - 7. Give j(-1).
83
Let o(b) = 42*b**2 + 10*b - 27. What is o(0)?
-27
Let q(r) = -r**3 + 98*r**2 - 2149*r + 135. Determine q(33).
3
Let q(n) = -2*n**3 + 33*n**2 + 33*n + 6. Give q(18).
-372
Let g(r) = -376*r - 2643. Give g(-7).
-11
Let b(d) = d**3 + 25*d**2 + 40*d - 1. Give b(-23).
137
Let w(m) = 13*m**2 - 1022*m - 368. Give w(79).
27
Let m(n) = n**2 + 18*n + 129. What is m(-6)?
57
Let z(i) = -4*i**3 + i**2 + 9*i - 6. Calculate z(3).
-78
Let j(k) = -k**3 + 13*k**2 + 179*k + 61. What is j(-8)?
-27
Let i(w) = -w**3 - 3*w**2 + w + 6. What is i(-3)?
3
Let q(h) = h**3 - 14*h**2 - 152*h + 2144. Calculate q(13).
-1
Let g(r) = -r**3 - 26*r**2 - 170*r - 3617. Give g(-25).
8
Let l(g) = -3*g**2 + 63*g + 35. Calculate l(22).
-31
Let r(o) = 27*o**3 + 20*o**2 - 37*o + 1. Determine r(2).
223
Let z(g) = -96*g**2 - 683*g - 115. Give z(-7).
-38
Let c(d) = 11*d**2 + 292*d + 23. Determine c(-26).
-133
Let i(g) = 17*g - 112. Determine i(16).
160
Let s(h) = -2*h**2 - 66*h + 882. Determine s(12).
-198
Let d(x) = 200*x**2 - 36*x + 38. Calculate d(1).
202
Let k(r) = 45*r**2 + 4142*r + 187. Give k(-92).
3
Let j(z) = -3*z**3 + 512*z**2 + 160*z + 1865. Give j(171).
-16
Let w(d) = -d**3 + d**2 + 2760*d - 5515. Determine w(2).
1
Let b(x) = -x**3 + 22*x**2 + 167*x + 22. What is b(28)?
-6
Let k(x) = x**3 + 3*x**2 - 28*x + 66. Calculate k(6).
222
Let o(v) = 30*v**3 + v**2 + 19*v + 32. What is o(-2)?
-242
Let k(p) = -15*p**2 + 598*p + 85. Determine k(40).
5
Let v(u) = -106*u + 183. What is v(1)?
77
Let x(q) = 12*q**2 + 137*q + 140. Give x(-10).
-30
Let c(p) = p**2 - 306*p + 4644. Calculate c(16).
4
Let k(n) = -2*n**3 + 4*n**2 + 35*n. Calculate k(-4).
52
Let w(c) = c**2 + 49*c + 558. Give w(-31).
0
Let t(u) = -74*u - 28. Give t(1).
-102
Let i(m) = 48*m + 436. Give i(-9).
4
Let p(v) = 2*v**3 - 186*v**2 - 5*v + 467. Determine p(93).
2
Let t(i) = 4*i**2 + 74*i - 242. Determine t(3).
16
Let h(u) = u**3 - 8*u**2 + 9*u - 33. Determine h(7).
-19
Let i(y) = -10*y - 268. What is i(-35)?
82
Let a(w) = -6*w + 93. Give a(23).
-45
Let s(a) = 1650*a + 5. What is s(0)?
5
Let v(u) = 61*u + 1814. Give v(-28).
106
Let c(m) = m**2 + 104*m - 4527. Give c(33).
-6
Let z(k) = -k**3 + 128*k**2 + 12*k - 1526. Calculate z(128).
10
Let b(q) = -q - 25. Give b(-25).
0
Let c(u) = -u**3 + 7*u**2 + 854*u - 5. Give c(0).
-5
Let m(a) = -20*a - 778. Calculate m(-37).
-38
Let l(r) = 5*r**2 - 408*r - 655. Give l(83).
-74
Let q(y) = -51*y + 1805. What is q(28)?
377
Let t(g) = -g**2 - 4*g + 118. Calculate t(-13).
1
Let o(l) = l**2 - 27*l + 60. Determine o(2).
10
Let l(j) = -5*j**3 - 417*j**2 - 165*j + 82. Calculate l(-83).
-1
Let j(f) = 12*f**2 + f + 8. What is j(-3)?
113
Let l(j) = j**2 + 35*j + 204. Determine l(-22).
-82
Let z(t) = t**2 - 43*t + 162. Calculate z(38).
-28
Let q(m) = -m**2 + 6*m. Give q(11).
-55
Let n(g) = -430*g - 19801. Determine n(-46).
-21
Let p(t) = -t**2 + 18*t - 138. What is p(-15)?
-633
Let n(x) = -233*x - 1388. Calculate n(-6).
10
Let x(h) = 8*h**2 + 100*h + 384. What is x(-7)?
76
Let i(w) = 2*w**2 - w + 34. Determine i(9).
187
Let o(y) = -134*y - 7273. What is o(-54)?
-37
Let v(x) = -x**3 - 15*x**2 + 33*x + 27. Give v(-14).
-631
Let g(y) = -255*y + 30336. What is g(119)?
-9
Let b(m) = -112*m + 361. Determine b(5).
-199
Let w(f) = -f**2 - 17*f + 631. Determine w(-31).
197
Let o(p) = 19*p**2 + 1350*p + 83. Give o(-71).
12
Let t(m) = -9*m**3 + 61*m**2 + 28*m - 17. What is t(7)?
81
Let v(h) = 30*h + 114. Determine v(-4).
-6
Let q(j) = 5*j**2 + 175*j - 362. Determine q(2).
8
Let x(o) = 14*o**2 + 270*o + 51. Calculate x(-19).
-25
Let l(m) = -m**2 - 27*m - 231. Give l(-17).
-61
Let g(i) = 58*i - 22. Give g(1).
36
Let x(s) = -1045*s + 197. Give x(-1).
1242
Let h(z) = -z**3 - 7*z**2 - 144*z - 270. Calculate h(-2).
-2
Let k(d) = -4*d**2 - 70*d - 90. Calculate k(-16).
6
Let v(d) = 2*d**3 + 117*d**2 + 943*d + 583. Give v(-49).
-5
Let f(a) = 2*a**2 - 50*a + 32. Calculate f(25).
32
Let m(d) = 2*d**3 - 30*d**2 - 28*d + 112. Calculate m(15).
-308
Let m(f) = -10*f**2 + 89*f - 9. Determine m(9).
-18
Let o(g) = -15*g + 92. Give o(4).
32
Let t(g) = -4*g**2 + 301*g - 4279. What is t(19)?
-4
Let t(x) = -x**2 + 163*x + 7394. Give t(-37).
-6
Let b(v) = 15*v - 14. Calculate b(-7).
-119
Let g(t) = 342*t - 7770. Calculate g(23).
96
Let w(j) = -22*j**2 + 252*j - 114. Calculate w(11).
-4
Let m(d) = -3*d**3 + 6*d - 24. Calculate m(-4).
144
Let r(g) = -54*g**3 + 378*g**2 - g - 1. Calculate r(7).
-8
Let d(a) = 6*a**2 + 17*a + 22. Give d(-3).
25
Let w(m) = -12*m**2 + 87*m - 171. Calculate w(2).
-45
Let j(v) = 108*v - 8197. Give j(76).
11
Let x(v) = -7*v**2 + 5*v - 48. Determine x(3).
-96
Let r(x) = -11*x**2 + 40*x + 2374. What is r(-13)?
-5
Let i(x) = 124*x - 1614. Give i(13).
-2
Let p(y) = -y**3 + 19*y + 7. Calculate p(6).
-95
Let s(c) = c**2 - 27*c - 991. Give s(48).
17
Let y(z) = -2*z**3 + 40*z**2 - 195*z + 30. Determine y(12).
-6
Let g(k) = -37*k - 960. Calculate g(-38).
446
Let y(a) = -3*a**2 + 414*a + 830. Determine y(-2).
-10
Let d(s) = s**2 - 9*s - 857. Determine d(36).
115
Let g(a) = -2*a**3 - 424*a**2 - 6983*a + 210. What is g(-194)?
16
Let o(d) = -27*d**2 - 131*d + 15. Give o(-5).
-5
Let g(o) = -o**2 + 22*o + 459. Determine g(-11).
96
Let g(l) = -27*l + 771. Determine g(27).
42
Let v(f) = 107*f + 689. Determine v(-6).
47
Let k(f) = 76*f - 62. What is k(1)?
14
Let q(l) = l**3 + 58*l**2 - 118*l + 114. Give q(-60).
-6
Let a(i) = 49*i + 97. Give a(-1).
48
Let o(d) = 56*d - 1223. Calculate o(22).
9
Let u(p) = 2*p**3 + 11*p**2 + 10*p + 4. Determine u(-4).
12
Let k(d) = d**3 - 8*d**2 - 4*d + 29. G